102141 (base 7) to base 12.
-a203
What is 51c0c (base 15) in base 11?
167828
341144503 (base 6) to base 4
113232113313
What is -175b19 (base 12) in base 8?
-1425405
Convert -161849c (base 13) to base 7.
-114235052
-1e691 (base 16) to base 12
-60101
-1020010000120 (base 3) to base 14
-12d72d
What is 102011202202 (base 3) in base 14?
5a257
Convert -12509841 (base 10) to base 13.
-2790096
912519 (base 10) to base 14
19a79d
Convert -1122212022 (base 3) to base 14.
-bcc1
Convert 433404 (base 8) to base 4.
203130010
Convert 101001110011100100 (base 2) to base 16.
29ce4
What is -1a08389 (base 11) in base 3?
-20101101120022
What is -1002012211020222 (base 3) in base 6?
-1312441342
-201366032 (base 7) to base 11
-6681026
-1500612 (base 7) to base 2
-110001010100000011
Convert -2232011332 (base 4) to base 8.
-2560576
Convert 80a7 (base 11) to base 13.
4b91
Convert 1040455 (base 8) to base 12.
115439
-20121212 (base 3) to base 9
-6555
Convert -1021123211 (base 4) to base 14.
-7b87b
-26055152 (base 7) to base 14
-458762
What is 16928 (base 14) in base 13?
1ca50
1740 (base 15) to base 14
1b7c
What is -2433b3 (base 13) in base 12?
-358062
-1243525 (base 6) to base 11
-472a4
22786 (base 15) to base 10
109701
35411c (base 14) to base 3
10102022010001
What is 2032000333 (base 4) in base 12?
240767
Convert -516230 (base 7) to base 13.
-31445
-4476304 (base 8) to base 11
-758314
121012323 (base 4) to base 3
12020002000
Convert -36024640 (base 7) to base 6.
-152120111
What is 113 (base 12) in base 13?
c3
Convert 546506 (base 7) to base 5.
11032243
What is -110002102221 (base 3) in base 5?
-30103401
What is -4bbbc (base 16) in base 7?
-2431246
What is 727857 (base 12) in base 6?
102301351
What is -2100112221 (base 3) in base 9?
-70487
142116 (base 10) to base 15
2c196
28222338 (base 9) to base 7
226401533
Convert 1111101111010001111 (base 2) to base 12.
20a553
What is -79c71d (base 15) in base 10?
-5813353
74fa (base 16) to base 11
20554
Convert -102011011202 (base 3) to base 13.
-78c20
What is -372726 (base 9) in base 13?
-7b612
-113830 (base 12) to base 11
-179355
-1164136 (base 8) to base 4
-1032201132
5155253 (base 6) to base 12
bbb29
-282417 (base 12) to base 4
-2202333103
What is -8d7b2 (base 14) in base 13?
-c0a82
What is -1202222102111 (base 3) in base 14?
-1a8229
Convert 752c8 (base 14) to base 15.
58da0
What is 202075 (base 10) in base 2?
110001010101011011
Convert 2411410 (base 5) to base 13.
173c2
5758b (base 13) to base 5
20043034
1362b86 (base 12) to base 7
44553405
-666274 (base 10) to base 6
-22140334
Convert 20c8b0 (base 13) to base 6.
24302513
Convert -101221121020 (base 3) to base 13.
-77115
Convert -4172500 (base 8) to base 15.
-16e45a
126727 (base 9) to base 13
29158
Convert 252752 (base 8) to base 6.
1513122
What is 10c34 (base 15) in base 13?
1b3a9
Convert 1122112110 (base 3) to base 15.
9946
What is 1001011011001001110 (base 2) in base 12?
12a866
1010033330 (base 4) to base 16
443fc
Convert -2219490 (base 10) to base 9.
-4152510
Convert -67026 (base 10) to base 7.
-366261
What is -12132201232 (base 4) in base 8?
-6364156
Convert -221244 (base 5) to base 7.
-31306
Convert -33034552 (base 6) to base 5.
-223002430
453901 (base 11) to base 12
2aa138
What is 8367 (base 11) in base 14?
407a
What is 110004111 (base 6) in base 10?
1960459
-2516105 (base 7) to base 6
-10535142
What is -1182881 (base 9) in base 13?
-197866
-2201487 (base 10) to base 7
-24466221
What is -2b425 (base 12) in base 2?
-1110111010011101
-41c50 (base 15) to base 13
-73c80
What is -120121002100001 (base 3) in base 12?
-2938531
Convert -6457450 (base 8) to base 10.
-1728296
-56717b (base 12) to base 9
-2534225
What is -a22860 (base 11) in base 7?
-16653340
-8073d9 (base 14) to base 6
-232351535
Convert 12164 (base 16) to base 15.
16e3e
What is -188033 (base 11) in base 3?
-112200020122
Convert 104134314 (base 7) to base 16.
5f88c9
4636595 (base 10) to base 7
54260525
-2002200212010 (base 3) to base 2
-100010000011101011010
What is -2410536 (base 7) in base 5?
-34231244
-22021111202020 (base 3) to base 2
-10000110010000011100100
What is 7b8017 (base 12) in base 11?
1135481
What is 602278 (base 9) in base 14?
93a37
355434344 (base 6) to base 16
665a58
11151 (base 9) to base 14
29bb
Convert 2725622 (base 10) to base 5.
1144204442
What is 32688b (base 12) in base 15?
10bdb5
-11201220211111 (base 3) to base 6
-125544404
230042122 (base 5) to base 12
411438
464004 (base 7) to base 5
10124020
What is 3344393 (base 10) in base 3?
20021220122102
What is 1105142144 (base 6) in base 12?
402a954
Convert -128739 (base 12) to base 7.
-2410512
What is 942b94 (base 13) in base 9?
6456280
Convert -375782 (base 9) to base 5.
-24233420
10266412 (base 7) to base 16
d5562
Convert 2004344314 (base 5) to base 10.
3981209
Convert 6e73b (base 15) to base 10.
352631
-10430141 (base 5) to base 6
-1552242
-31553617 (base 8) to base 10
-6739855
What is -1866652 (base 13) in base 4?
-132130322332
Convert 11111100111001011 (base 2) to base 10.
129483
-3a0041 (base 11) to base 9
-1158584
-2102122202 (base 3) to base 10
-47864
Convert -38072704 (base 9) to base 10.
-18648391
1125073 (base 9) to base 7
5106423
What is -20034424 (base 5) in base 15?
-32079
Convert -1351492 (base 12) to base 3.
-21020000112102
What is 5231041 (base 7) in base 15?
c6774
Convert 4b6b31 (base 15) to base 9.
6722711
1100100001110101101010 (base 2) to base 7
36626210
What is -32010511 (base 6) in base 9?
-1674027
-23369 (base 10) to base 16
-5b49
Convert 20545324 (base 6) to base 9.
1122077
26357 (base 8) to base 4
2303233
What is -743a7 (base 12) in base 10?
-152623
What is -22cdc (base 16) in base 2?
-100010110011011100
-443058 (base 11) to base 8
-2544410
-71135515 (base 8) to base 11
-8509366
What is -1301313 (base 5) in base 15?
-7708
Convert 63455 (base 9) to base 16.
a3c7
240182 (base 9) to base 6
3032545
Convert -370e8 (base 15) to base 11.
-110024
-112111011100112 (base 3) to base 13
-1797572
What is -610670 (base 8) in base 14?
-53436
Convert 938cc (base 15) to base 8.
1621436
178b60 (base 15) to base 2
100010111001000010011
Convert -6610215 (base 7) to base 13.
-22445a
What is 12120222012021 (base 3) in base 13?
800716
What is -1010011001001010011 (base 2) in base 8?
-1231123
Convert -11ab66 (base 12) to base 15.
-5a740
Convert 10504524 (base 6) to base 5.
40214001
Convert -624666 (base 8) to base 5.
-23113121
-10222212221 (base 3) to base 14
-2093b
-22640 (base 13) to base 16
-f476
Convert 12222022112 (base 3) to base 2.
11100101101011111
-1001111011010100101 (base 2) to base 10
-325285
-75e71 (base 15) to base 13
-101602
Convert 4338185 (base 11) to base 16.
7455f6
What is 32123104 (base 5) in base 10?
270404
What is -1100001001110000111010 (base 2) in base 6?
-152140414
What is 38f70 (base 16) in base 5?
24431303
Convert -100001011011011110010111 (base 2) to base 5.
-4220411122
What is 62961 (base 14) in base 10?
237833
Convert -4041423 (base 6) to base 16.
-2eeb7
Convert -797a (base 14) to base 2.
-101001001011000
What is 17162 (base 14) in base 7?
330552
What is 56160 (base 8) in base 4?
11301300
Convert -19275c8 (base 14) to base 5.
-11142422043
What is 113310123 (base 4) in base 16?
17d1b
What is -1314100134 (base 5) in base 15?
-4487e9
What is 1221000200221 (base 3) in base 15?
153637
Convert -13ba96 (base 15) to base 8.
-3500756
Convert 47310a (base 11) to base 4.
2313103133
What is -2100221012 (base 3) in base 14?
-12db1
Convert 4a72a (base 13) to base 6.
2540133
Convert -132321211 (base 4) to base 2.
-11110111001100101
-424a5 (base 13) to base 3
-20001212001
Convert 102733 (base 11) to base 12.
7b304
Convert -1434c (base 15) to base 11.
-44815
Convert 11110011000100011010 (base 2) to base 15.
149ee0
What is -14211024 (base 5) in base 12?
-71533
What is 6ec36 (base 16) in base 11?
28a952
What is 110110101011010110111 (base 2) in base 15?
255ceb
What is 223325 (base 6) in base 3?
221221122
What is 211113331 (base 6) in base 14?
6c2b67
3a460b (base 13) to base 6
50112314
Convert 1693939 (base 10) to base 12.
698357
What is -3104133 (base 5) in base 10?
-50543
-1446133 (base 7) to base 14
-5191a
What is 641711 (base 12) in base 9?
2865484
Convert 1000000110011011000100 (base 2) to base 14.
3d3bda
-8101 (base 1